 = -5*y + m. Calculate the remainder when y/((-1)/45*c) is divided by 16.
14
Calculate the remainder when 28 is divided by 6 + 7 - (1 - -2).
8
Let o(x) = -x**3 + x**2 + x + 9. Let b(t) = -t + 6. Let u be b(6). What is the remainder when o(u) is divided by 5?
4
Suppose 5*q - 11 - 53 = m, 5*m + 68 = 4*q. Calculate the remainder when (3 - (0 - -2)) + 21 is divided by q.
10
Let u = 29 + -24. Calculate the remainder when 43 is divided by u.
3
Suppose 0 = 5*c + s + 2*s - 6, -2*s = -3*c + 15. Calculate the remainder when 22 is divided by (8 - (-4 + c)) + -1.
6
Let a = 77 + -43. Calculate the remainder when a is divided by 13.
8
Suppose 10 + 5 = c + 3*j, 0 = 5*c - 5*j - 115. What is the remainder when 146 is divided by c?
20
Suppose -2*v = -5*v. Suppose -78 = -v*l - 3*l. Calculate the remainder when l is divided by 9.
8
Calculate the remainder when 2*(0 + 65/10) is divided by 8.
5
Let m be (-78)/3 - (-3 - -1). Let v(y) = 10*y**2 - 2*y. Let b be v(-2). Let q = b + m. What is the remainder when q is divided by 7?
6
Suppose -3*w + 8 = -w. Suppose 24 = -m + w*a, 3*m - m + 48 = -a. Let g = m - -36. Calculate the remainder when 34 is divided by g.
10
Let x = 175 + -147. What is the remainder when x is divided by (0 + 5)/(2/4)?
8
Suppose 0 = -z + 5*y - 6 - 1, 2*y = 5*z - 11. What is the remainder when 14 is divided by z/(6/(-5))*-2?
4
Let w = 33 - 23. Let a(t) = -3*t**2 + 4*t + 4. Let s be a(4). Let u = 46 + s. Calculate the remainder when u is divided by w.
8
Suppose -4*s + 2*g = -0 - 10, 4*s = -3*g + 35. Suppose 5*q - 8 = 162. Calculate the remainder when q is divided by 2/5 + 88/s.
16
Suppose c = -2, -10*c = -4*r - 5*c + 194. Calculate the remainder when r is divided by 12.
10
Suppose -20*h + 280 = -0*h. What is the remainder when 81 is divided by h?
11
Let d be (-8)/(-3)*1*3. Let y(o) = 3*o. Suppose 3*z = 3*n + 24, 2*z + 4*n = -1 + 23. Calculate the remainder when y(d) is divided by z.
6
Let u(g) = -7*g - 6. Let r be u(-3). Let o = 24 - r. Calculate the remainder when 16 is divided by o.
7
Let g = 10 - 6. Suppose g*w - 104 = -3*m - m, 0 = -w + 4*m + 21. Let r(n) = -n**3 + 7*n**2 - 8*n + 3. Calculate the remainder when w is divided by r(5).
12
Let q be 82*(2 + 3/6). Suppose 5*s - q = 5*a, 2*a - 5 - 3 = 0. Calculate the remainder when s is divided by 12.
9
Let c(l) be the third derivative of -l**6/120 + l**5/6 + l**4/12 - 3*l**3/2 + 5*l**2. What is the remainder when 42 is divided by c(10)?
9
Suppose 93 = 5*p + 8. Let g = 13 + 36. Calculate the remainder when g is divided by p.
15
Suppose 4*v - 16 = 0, 0 = -t - 4*v + 127 - 43. Suppose 0 = 4*q - 2*q - t. What is the remainder when q is divided by 14*(1 + 2/(-14))?
10
Suppose 0 = -2*x - 2*y + 6, -4*y + 14 = -4*x + 2. Suppose 5*j + 5 = d - x, -d = j - 5. What is the remainder when 12 is divided by d?
2
Let t(v) = -1. Let y(d) = 5*d - 8. Let b(g) = -2*t(g) + y(g). Let u be b(4). Let l = u - -3. What is the remainder when 49 is divided by l?
15
Let t = -1 + -1. Let u be ((-3)/5)/(2/10). Calculate the remainder when 3 is divided by (-2)/u - t/6.
0
Suppose -19 = 4*l - 3. Let m be 7/28 - 7/l. Suppose -m*v - q = 3*q - 90, 5*q = v - 31. What is the remainder when v is divided by 14?
13
Calculate the remainder when 20 is divided by (3 - (-9)/(-6))/((-3)/(-22)).
9
Suppose 0 = -2*m + 5*m - 60. Let f be 28/6 + (-2)/(-6). Suppose 2*c + 0*c + 3*n - f = 0, c - 4*n = 19. What is the remainder when m is divided by c?
6
Let g = -14 - -18. What is the remainder when (-984)/(-60) - g/10 is divided by 9?
7
Suppose 0 = 2*b - n - 6, 3 = 3*b - 2*n - 7. What is the remainder when b is divided by 2?
0
Suppose 15 + 1 = 4*o. Suppose 5*h - 111 = -56. Calculate the remainder when h is divided by o.
3
Calculate the remainder when 118 is divided by -7 + 7 - (1 - 20 - -2).
16
Suppose 0 = 5*s - 9 - 41. Suppose 5*m - 27 = -7. Suppose 2*q = 5*l - 16, 0 = 2*q - m. What is the remainder when s is divided by l?
2
Suppose -n + 3*p + 89 = 0, 2*p + 178 = 2*n + 3*p. Suppose 3*r - 32 + 167 = 4*q, -4*q + 110 = 2*r. Calculate the remainder when n is divided by q.
29
Suppose 2*w - 16 = -q, -3*w + 12 = -3. Let p(r) = -r**2 + 8*r + 1. What is the remainder when (72/(-10))/(3/(-10)) is divided by p(q)?
11
Let k(j) = j + 12. Calculate the remainder when 76 is divided by k(8).
16
Let w(a) = -a**3 + a**2 - a + 8. What is the remainder when 10 is divided by w(0)?
2
Suppose 2*n = 3*r - 123, -204 + 4 = -5*r + 5*n. What is the remainder when r is divided by 15?
13
Let x = -17 + 31. What is the remainder when x is divided by (-4)/(-6) - (-66)/9?
6
Let a be 14/(-56) - 2/(-8). Let m(t) = -t**3 + t**2 - t + 6. Calculate the remainder when 11 is divided by m(a).
5
Let f = 228 + -223. Suppose -2 + 7 = 5*x. What is the remainder when (-17)/(-2) - x/2 is divided by f?
3
Calculate the remainder when 20 + 0 + (16 - 19) is divided by 9.
8
Suppose -3*t = -2*k + 2*t + 95, 0 = -2*t - 2. Suppose -2*w + 2*r - 5 = -41, -r + k = 2*w. What is the remainder when 82 is divided by w?
19
Let t(u) = u**3 + u + 8. Calculate the remainder when 14 is divided by t(0).
6
Let v = 22 + -17. Suppose 88 = -v*a + 9*a. What is the remainder when a is divided by 6?
4
Let d(g) = 8*g + 4*g - 5 - 10*g. Calculate the remainder when d(9) is divided by 5.
3
Let c = -12 - -22. Let x be (-180)/(-16) + (-1)/4. Suppose -2*m + x = -27. What is the remainder when m is divided by c?
9
Suppose 0 = -4*u + 7*u - 5*v, 4*u - 2*v = 14. Let d(q) = 4*q - 1. Let f be d(-2). Let k = f - -18. What is the remainder when k is divided by u?
4
Let t(s) = -4*s - 8*s**2 + 8*s**2 + s**3 + 6 + 10*s**2 + s. Let l be t(-8). Let k = l - 105. Calculate the remainder when k is divided by 18.
17
Suppose -61 = -u - 6. What is the remainder when u is divided by 10?
5
Let p be 46/11 + 2/(-11). Let a be -4*(-54)/p - -1. Suppose 0*r + 5*r = a. What is the remainder when r is divided by 7?
4
Suppose w - 4*b = 0, 2*b = -w + 5*b. Suppose w = -0*k + 3*k - 3. Let a(y) = 17*y**2. What is the remainder when 50 is divided by a(k)?
16
Suppose 7*t - 2*t = 85. Suppose 1 = -d - 5*s, 6*s - 3*s + 24 = 2*d. Calculate the remainder when t is divided by d.
8
Let r = 74 + -65. Calculate the remainder when 61 is divided by r.
7
Suppose -3*h + 0*h - 15 = 0, 5*q = -2*h + 75. Calculate the remainder when 66 is divided by q.
15
Let x be 4/18 - 6/27. Suppose x = c - 4 + 2. Suppose 0 = c*i + 2*i - 8. What is the remainder when 4 is divided by i?
0
Let l = -7 + 48. What is the remainder when l is divided by 14?
13
Suppose -2*i = -5*i + 15, -4*j + 4*i + 536 = 0. Suppose 5*d = j - 34. What is the remainder when d is divided by 8?
5
Let r be 1*(4 + 1 + 0). Let l = r - -4. Let g = -27 + 44. Calculate the remainder when g is divided by l.
8
Suppose -2*z + 64 = -36. Suppose 4*m - 50 - z = 0. Suppose -5*x + 25 = -m. Calculate the remainder when 18 is divided by x.
8
Suppose -60 - 39 = 5*h + 3*i, -2*h + 2*i - 30 = 0. What is the remainder when (-4)/h + (-1155)/(-27) is divided by 11?
10
Let b be 12/4 + (0 - 0). Suppose -f + 4*g = -8, -b*f = -4*f - 2*g + 14. Suppose 0 = l - f - 8. Calculate the remainder when 37 is divided by l.
17
Let f(l) = l**2 + 5*l + 2. Let k be f(-6). Let g = 17 - k. What is the remainder when -2*-5*(-10)/(-4) is divided by g?
7
Let u(i) = i**3 + 10*i**2 - 10*i + 8. Let r be u(-11). Let k = 22 + r. Calculate the remainder when k is divided by 10.
9
Suppose 4*x + 5*j + 39 = 5*x, 0 = -2*x + 5*j + 63. Calculate the remainder when 45 is divided by x.
21
Let h be (0 - (-1 - 2)) + 0. Suppose -l + 11 = -3*j, h*j - j = -3*l. What is the remainder when l is divided by 1?
0
Let p(i) = i**3 - 3*i**2 + i + 2. Let n be p(2). Suppose 2*x - 10 = 4*o, -15 = -3*x - n*o - o. Calculate the remainder when (2 + 7)*(0 + 1) is divided by x.
4
Let v = -65 + 66. What is the remainder when (0 + -1 - -3)/1 is divided by v?
0
Let x = 61 + -33. Let t be 10/2 - 6/3. Suppose t*m = -m + x. What is the remainder when m is divided by 4?
3
Let p(h) = 37*h**2 + 2*h + 2. What is the remainder when p(-1) is divided by 19?
18
Calculate the remainder when (18/45)/(2/110) is divided by 12.
10
Let h = 154 - 110. Suppose -4*b + h = -0*b. Let o(n) = -n**3 + 6*n**2 + n - 2. Calculate the remainder when b is divided by o(6).
3
Let l = 23 - 18. Suppose 0 = l*r + 2*d - 333, 2*r - 186 = -5*d - 57